{"id":4736,"date":"2021-06-10T12:19:57","date_gmt":"2021-06-10T10:19:57","guid":{"rendered":"https:\/\/www.pakpromet.com\/?page_id=4736"},"modified":"2026-01-08T16:39:22","modified_gmt":"2026-01-08T15:39:22","slug":"monopak-1000-20p-t-clean","status":"publish","type":"page","link":"https:\/\/www.pakpromet.com\/index.php\/monopak-1000-20p-t-clean\/","title":{"rendered":"MONOPAK 1000 &#8211; 4500 20P T clean"},"content":{"rendered":"<p>[vc_row][vc_column][vc_column_text]<\/p>\n<h1 style=\"text-align: center;\"><strong>MONOPAK 1000 &#8211; 4500 20P T clean<\/strong><\/h1>\n<p>[\/vc_column_text][vc_empty_space height=&#8221;50px&#8221;][\/vc_column][\/vc_row][vc_row][vc_column][vc_text_separator title=&#8221;NAMENA MA\u0160INE&#8221; title_align=&#8221;separator_align_left&#8221; border_width=&#8221;6&#8243; el_class=&#8221;bold&#8221;][vc_empty_space][vc_column_text]<strong>MONOPAK 1000 &#8211; 4500 20P T clean<\/strong>\u00a0 je namenjena za punjenje posuda kiselo-mle\u010dnim proizvodima, a sa mogu\u0107no\u0161\u0107u implementacije raznih vrsta dozatora za te\u010dne, pastozne, kremaste, komandne, pra\u0161kaste ili zrnaste materija koje se koriste u raznim industrijama.<\/p>\n<p>Na ovoj ma\u0161ini se mogu pakovati posude u vi\u0161e veli\u010dina i dimenzija sa najve\u0107om zapreminom do 2 litra ( kilograma ), uz neophodno pode\u0161avanje odre\u0111enih parametara.[\/vc_column_text][vc_empty_space][vc_video link=&#8221;https:\/\/youtu.be\/j8ArNQUe8tc&#8221; el_width=&#8221;80&#8243; align=&#8221;center&#8221;][vc_empty_space][vc_text_separator title=&#8221;TEHNI\u010cKI OPIS&#8221; title_align=&#8221;separator_align_left&#8221; border_width=&#8221;6&#8243; el_class=&#8221;bold&#8221;][vc_empty_space][vc_column_text]Ova jednoredna ( troredna) linijska horizontalna ma\u0161ina radi u taktnom re\u017eimu rada, I prema vrsti pogona I na\u010dinu funkcionisanja predstavlja\u00a0 kombinaciju mehani\u010dkih I pneumatskih mehanizama \u2013 modula.<\/p>\n<p>Ulogu me\u0111ufaznog povezivanja svih elemenata ciklusa ma\u0161ine vr\u0161i transporter, koji prenosi posude od jednog mehanizma do drugog, sve do izbaciva\u010da posuda koji ih iznosi na prihvatni sto odakle ih radnik skuplja i zbirno pakuje.<\/p>\n<p>Ma\u0161ina je izra\u0111ena za punjenje u posude po uzorku. Doziranje je sa protokomerima firme KROHNE is sfinkteriama firme FESTO \u0161to omogu\u0107ava punjenje i sa komadi\u0107ima vo\u0107a do 8 mm a napajanje dozatora se vr\u0161i iz posude koja se nalazi na ma\u0161ini.<\/p>\n<p>Napunjene posude se transportuju do sklopa za zatvaranje PP folijom. Premotavanje folije se vrsi pomocu elektro motora, sklop je opremljen sistemom za namotavanje otpada. Odsecanje PP folije se vrsi specijalno profilisanim nozevima koji su prilagodjeni izgledu i obliku posude.<\/p>\n<p>Masina je opremljena upravljackom jedinicim sa touch panelom za sto lakse upravljanjem parametrima procesa eksplatacije.<\/p>\n<p>Pranje CIP je kompletno automatizoavano. Postolje ma\u0161ine, za\u0161titne obloge, i ostali elementi koji dolaze u kontakt sa materijom koja se pakuje su izra\u0111eni od ner\u0111aju\u0107eg \u010delika.<\/p>\n<p>Ma\u0161ina se isporu\u010duje sa traverznom i ink-jet \u0161tampa\u010dem.[\/vc_column_text][vc_empty_space][\/vc_column][\/vc_row][vc_row][vc_column width=&#8221;2\/3&#8243;][vc_text_separator title=&#8221;TEHNI\u010cKE KARAKTERISTIKE&#8221; i_icon_fontawesome=&#8221;fas fa-file-alt&#8221; i_color=&#8221;black&#8221; border_width=&#8221;6&#8243; css_animation=&#8221;none&#8221; add_icon=&#8221;true&#8221;][vc_column_text]<\/p>\n<table>\n<tbody>\n<tr>\n<td width=\"310\">&#8211; kapacitet ma\u0161ine<\/td>\n<td width=\"506\">Q = 1000 &#8211; 4500 posuda \/ h za punjenje do 1000 grama<\/td>\n<\/tr>\n<tr>\n<td width=\"310\">&#8211; opseg doziranja<\/td>\n<td width=\"506\">0,50 &#8211; 2,00 kg<\/td>\n<\/tr>\n<tr>\n<td width=\"310\">&#8211; instalisana snaga<\/td>\n<td width=\"506\">Pi = 3,50 kW<\/td>\n<\/tr>\n<tr>\n<td width=\"310\">&#8211; nazivni napon<\/td>\n<td width=\"506\">3 x 380 V\u00a0 50 Hz<\/td>\n<\/tr>\n<tr>\n<td width=\"310\">&#8211; nazivni pritisak<\/td>\n<td width=\"506\">P = 6 &#8211; 8 bar<\/td>\n<\/tr>\n<tr>\n<td width=\"310\">&#8211; potro\u0161nja vazduha (na 6 bar-a)<\/td>\n<td width=\"506\">200 &#8211; 250 L \/ min<\/td>\n<\/tr>\n<tr>\n<td width=\"310\">&#8211; dimenzije ma\u0161ine D x \u0160 x V<\/td>\n<td width=\"506\">4300 x 1300 (1950) x 2850 mm<\/td>\n<\/tr>\n<tr>\n<td width=\"310\">&#8211; masa ma\u0161ine<\/td>\n<td width=\"506\">M =1.700 &#8211; 2.000 Kg<\/td>\n<\/tr>\n<\/tbody>\n<\/table>\n<p>[\/vc_column_text][\/vc_column][vc_column width=&#8221;1\/3&#8243;][vc_text_separator title=&#8221;TEHNI\u010cKA DOKUMENTACIJA&#8221; i_icon_fontawesome=&#8221;fas fa-file-pdf&#8221; i_color=&#8221;pink&#8221; border_width=&#8221;6&#8243; add_icon=&#8221;true&#8221;][vc_message message_box_color=&#8221;green&#8221; icon_fontawesome=&#8221;far fa-file-pdf&#8221;]<a href=\"https:\/\/www.pakpromet.com\/wp-content\/uploads\/2023\/01\/MONOPAK-1000-20P-T-clean-srb-eng-rus-Model.pdf\" target=\"_blank\" rel=\"noopener\">Preuzmite bro\u0161uru<\/a><\/p>\n<p>[\/vc_message][vc_message message_box_color=&#8221;green&#8221; icon_fontawesome=&#8221;far fa-file-pdf&#8221;]<a href=\"https:\/\/www.pakpromet.com\/wp-content\/uploads\/2023\/01\/MONOPAK-4500-20P-T-clean-srb-eng-rus.pdf\" target=\"_blank\" rel=\"noopener\">Preuzmite bro\u0161uru<\/a><\/p>\n<p>[\/vc_message][\/vc_column][\/vc_row][vc_row][vc_column][vc_empty_space][vc_images_carousel images=&#8221;8515,8516,8517,8518,8519,8520,8521,8522,8523,8524,8525,8526,8527,8528,8529,8530,8531,8532&#8243; img_size=&#8221;full&#8221; speed=&#8221;2000&#8243; slides_per_view=&#8221;2&#8243; autoplay=&#8221;yes&#8221; hide_pagination_control=&#8221;yes&#8221; wrap=&#8221;yes&#8221;][\/vc_column][\/vc_row]<\/p>\n","protected":false},"excerpt":{"rendered":"<p>[vc_row][vc_column][vc_column_text] MONOPAK 1000 &#8211; 4500 20P T clean [\/vc_column_text][vc_empty_space height=&#8221;50px&#8221;][\/vc_column][\/vc_row][vc_row][vc_column][vc_text_separator title=&#8221;NAMENA MA\u0160INE&#8221; title_align=&#8221;separator_align_left&#8221; border_width=&#8221;6&#8243; el_class=&#8221;bold&#8221;][vc_empty_space][vc_column_text]MONOPAK 1000 &#8211; 4500 20P T clean\u00a0 je namenjena za punjenje posuda kiselo-mle\u010dnim proizvodima, a sa mogu\u0107no\u0161\u0107u implementacije raznih vrsta dozatora za te\u010dne, pastozne, kremaste, komandne, pra\u0161kaste ili zrnaste materija koje se koriste u raznim industrijama. Na ovoj ma\u0161ini se mogu [&hellip;]<\/p>\n","protected":false},"author":1,"featured_media":0,"parent":0,"menu_order":0,"comment_status":"closed","ping_status":"closed","template":"","meta":{"footnotes":""},"class_list":["post-4736","page","type-page","status-publish","hentry","no-thumb"],"_links":{"self":[{"href":"https:\/\/www.pakpromet.com\/index.php\/wp-json\/wp\/v2\/pages\/4736","targetHints":{"allow":["GET"]}}],"collection":[{"href":"https:\/\/www.pakpromet.com\/index.php\/wp-json\/wp\/v2\/pages"}],"about":[{"href":"https:\/\/www.pakpromet.com\/index.php\/wp-json\/wp\/v2\/types\/page"}],"author":[{"embeddable":true,"href":"https:\/\/www.pakpromet.com\/index.php\/wp-json\/wp\/v2\/users\/1"}],"replies":[{"embeddable":true,"href":"https:\/\/www.pakpromet.com\/index.php\/wp-json\/wp\/v2\/comments?post=4736"}],"version-history":[{"count":16,"href":"https:\/\/www.pakpromet.com\/index.php\/wp-json\/wp\/v2\/pages\/4736\/revisions"}],"predecessor-version":[{"id":8534,"href":"https:\/\/www.pakpromet.com\/index.php\/wp-json\/wp\/v2\/pages\/4736\/revisions\/8534"}],"wp:attachment":[{"href":"https:\/\/www.pakpromet.com\/index.php\/wp-json\/wp\/v2\/media?parent=4736"}],"curies":[{"name":"wp","href":"https:\/\/api.w.org\/{rel}","templated":true}]}}