{"id":4807,"date":"2021-06-10T13:49:10","date_gmt":"2021-06-10T11:49:10","guid":{"rendered":"https:\/\/www.pakpromet.com\/?page_id=4807"},"modified":"2021-11-15T02:49:22","modified_gmt":"2021-11-15T01:49:22","slug":"formopak-1500-6000-med","status":"publish","type":"page","link":"https:\/\/www.pakpromet.com\/index.php\/formopak-1500-6000-med\/","title":{"rendered":"FORMOPAK 1500 &#8211; 6000 med"},"content":{"rendered":"<p>[vc_row][vc_column][vc_column_text]<\/p>\n<h1 style=\"text-align: center;\"><strong>FORMOPAK 1500 &#8211; 6000 med<\/strong><\/h1>\n<p>[\/vc_column_text][vc_empty_space height=&#8221;50px&#8221;][\/vc_column][\/vc_row][vc_row][vc_column][vc_text_separator title=&#8221;NAMENA MA\u0160INE&#8221; title_align=&#8221;separator_align_left&#8221; border_width=&#8221;6&#8243; el_class=&#8221;bold&#8221;][vc_empty_space][vc_column_text]FORMOPAK 1500 &#8211; 6000 je automatska ma\u0161ina namenjena za odmeravanje, doziranje i zatvaranje manjih PVC i polistirenskih posuda, uz istovremenu izradu ove ambala\u017ee na samoj ma\u0161ini, postupkom termoformiranja. Mo\u017ee se koristiti za pakovanje kremastih i pastoznih materija, kao \u0161to su: marmelada, med, i sli\u010dno, u veli\u010dinama od 10 do 30 grama, koje se na samom ure\u0111aju zatvaraju aluminijumskom folijom.<\/p>\n<p>U zavisnosti od zahteva naru\u010dioca mogu\u0107e razne opcije posudica do 250 grama. Zatvaranje se vr\u0161i termo zavarivanjem pomo\u0107u stalno zagrejane pegle[\/vc_column_text][vc_empty_space][vc_video link=&#8221;https:\/\/youtu.be\/6H4itUpgeVk&#8221; el_width=&#8221;80&#8243; align=&#8221;center&#8221;][vc_empty_space][vc_video link=&#8221;https:\/\/youtu.be\/fDaAPGPijVY&#8221; el_width=&#8221;80&#8243; align=&#8221;center&#8221;][vc_empty_space][vc_video link=&#8221;https:\/\/youtu.be\/nt9LqbHFBj0&#8243; el_width=&#8221;80&#8243; align=&#8221;center&#8221;][vc_empty_space][vc_video link=&#8221;https:\/\/youtu.be\/kmi_TTKbuLE&#8221; el_width=&#8221;80&#8243; align=&#8221;center&#8221;][vc_empty_space][vc_text_separator title=&#8221;TEHNI\u010cKI OPIS&#8221; title_align=&#8221;separator_align_left&#8221; border_width=&#8221;6&#8243; el_class=&#8221;bold&#8221;][vc_empty_space][vc_column_text]Po na\u010dinu rada i upravlja\u010dkim karakteristikama ovo je dvoredna linijska ma\u0161ina, horizontalna, sa taktnim re\u017eimom rada. Sastavljena je iz vi\u0161e jedinica &#8211; modula, objedinjenih u jednu funkcionalnu celinu, \u010dijim radom upravlja programabilni logi\u010dki kontroler (PLC).<\/p>\n<p>Prema vrsti pogona ova ma\u0161ina predstavlja kombinaciju pneumatskih i mehani\u010dkih mehanizama, koji obavljaju funkcije formiranja \u010dan\u010di\u0107a, odmeravanja i doziranja mase, zatvaranja posudica, odsecanja, izno\u0161enja sa ma\u0161ine i namotavanja otpadne folije. Ova ma\u0161ina je opremljena dozirnim loncem, formiranim kao dupli, koji omogu\u0107ava odr\u017eavanje temperature mase pri doziranju. Dozirni sistem je izveden kao klipni pumpni mehanizam sa blokadom okapavanja, sa ventilskim sistemom koji omogu\u0107ava precizno punjenje dozatora pri usisavanju, a time i veliku preciznost i ponovljivost odmerene koli\u010dine. Zatvaranje posuda se vr\u0161i aluminijumskom folijom sa termo lakom, namotanom na kotur, sa \u0161tampom ili bez nje. Posle zavarivanja se traka odse\u010de, a napunjene posudice padaju na transporter koji ih iznosi sa ma\u0161ine. Kontrola temperature pegle se vr\u0161i termoregulatorom. Svi elementi ma\u0161ine koji dolaze u kontakt sa materijom koja se pakuje izra\u0111eni od ner\u0111aju\u0107eg \u010delika i drugih materijala atestiranih za upotrebu u prehrambenoj industriji.[\/vc_column_text][vc_empty_space][\/vc_column][\/vc_row][vc_row][vc_column width=&#8221;2\/3&#8243;][vc_text_separator title=&#8221;TEHNI\u010cKE KARAKTERISTIKE&#8221; i_icon_fontawesome=&#8221;fas fa-file-alt&#8221; i_color=&#8221;black&#8221; border_width=&#8221;6&#8243; css_animation=&#8221;none&#8221; add_icon=&#8221;true&#8221;][vc_column_text]<\/p>\n<table width=\"500\">\n<tbody>\n<tr>\n<td width=\"252\">&#8211; kapacitet ma\u0161ine<\/td>\n<td width=\"248\">Q = 1500 &#8211; 6000 jedinica \/ h<\/td>\n<\/tr>\n<tr>\n<td width=\"252\">&#8211; opseg doziranja<\/td>\n<td width=\"248\">( 2 &#8211; 4 &#8211; 8 ) x 10 &#8211; 30 grama<\/td>\n<\/tr>\n<tr>\n<td width=\"252\">&#8211; instalisana snaga<\/td>\n<td width=\"248\">Pi = 4,5 &#8211; 7.5 \u043aW<\/td>\n<\/tr>\n<tr>\n<td width=\"252\">&#8211; nazivni napon<\/td>\n<td width=\"248\">U = 3 x 380 V \u00a050 Hz<\/td>\n<\/tr>\n<tr>\n<td width=\"252\">&#8211; nazivni pritisak<\/td>\n<td width=\"248\">P = 6 &#8211; 8 bar<\/td>\n<\/tr>\n<tr>\n<td width=\"252\">&#8211; potro\u0161nja vazduha (na 6 bar-a)<\/td>\n<td width=\"248\">300 &#8211; 600 Nl \/\u00a0min<\/td>\n<\/tr>\n<tr>\n<td width=\"252\">&#8211; dimenzije ma\u0161ine D x \u0160 x V<\/td>\n<td width=\"248\">3650 ( 4200 ) x 1400 x 1900 mm<\/td>\n<\/tr>\n<tr>\n<td width=\"252\">&#8211; masa ma\u0161ine<\/td>\n<td width=\"248\">M = 1380 &#8211; 1690 Kg<\/td>\n<\/tr>\n<\/tbody>\n<\/table>\n<p>[\/vc_column_text][\/vc_column][vc_column width=&#8221;1\/3&#8243;][vc_text_separator title=&#8221;TEHNI\u010cKA DOKUMENTACIJA&#8221; i_icon_fontawesome=&#8221;fas fa-file-pdf&#8221; i_color=&#8221;pink&#8221; border_width=&#8221;6&#8243; add_icon=&#8221;true&#8221;][vc_message message_box_color=&#8221;green&#8221; icon_fontawesome=&#8221;far fa-file-pdf&#8221;]<a href=\"https:\/\/www.pakpromet.com\/wp-content\/uploads\/2021\/06\/44.-FORMOPAK-1500-Med.pdf\" target=\"_blank\" rel=\"noopener\">Preuzmite bro\u0161uru FORMOPAK 1500<\/a>[\/vc_message][vc_message message_box_color=&#8221;green&#8221; icon_fontawesome=&#8221;far fa-file-pdf&#8221;]<a href=\"https:\/\/www.pakpromet.com\/wp-content\/uploads\/2021\/06\/45.-FORMOPAK-3000-Med.pdf\" target=\"_blank\" rel=\"noopener\">Preuzmite bro\u0161uru FORMOPAK 3000<\/a>[\/vc_message][vc_message message_box_color=&#8221;green&#8221; icon_fontawesome=&#8221;far fa-file-pdf&#8221;]<a href=\"https:\/\/www.pakpromet.com\/wp-content\/uploads\/2021\/06\/45.-FORMOPAK-3000-Med.pdf\" target=\"_blank\" rel=\"noopener\">Preuzmite bro\u0161uru FORMOPAK 6000<\/a>[\/vc_message][\/vc_column][\/vc_row][vc_row][vc_column][vc_empty_space][vc_images_carousel images=&#8221;7256,7257,7258,7259,7260,7261,7262,7263,7264,7265,7266,7267,7268,7269,7270&#8243; img_size=&#8221;full&#8221; speed=&#8221;2000&#8243; slides_per_view=&#8221;2&#8243; autoplay=&#8221;yes&#8221; hide_pagination_control=&#8221;yes&#8221; wrap=&#8221;yes&#8221;][\/vc_column][\/vc_row]<\/p>\n","protected":false},"excerpt":{"rendered":"<p>[vc_row][vc_column][vc_column_text] FORMOPAK 1500 &#8211; 6000 med [\/vc_column_text][vc_empty_space height=&#8221;50px&#8221;][\/vc_column][\/vc_row][vc_row][vc_column][vc_text_separator title=&#8221;NAMENA MA\u0160INE&#8221; title_align=&#8221;separator_align_left&#8221; border_width=&#8221;6&#8243; el_class=&#8221;bold&#8221;][vc_empty_space][vc_column_text]FORMOPAK 1500 &#8211; 6000 je automatska ma\u0161ina namenjena za odmeravanje, doziranje i zatvaranje manjih PVC i polistirenskih posuda, uz istovremenu izradu ove ambala\u017ee na samoj ma\u0161ini, postupkom termoformiranja. Mo\u017ee se koristiti za pakovanje kremastih i pastoznih materija, kao \u0161to su: marmelada, med, i [&hellip;]<\/p>\n","protected":false},"author":1,"featured_media":0,"parent":0,"menu_order":0,"comment_status":"closed","ping_status":"closed","template":"","meta":{"footnotes":""},"class_list":["post-4807","page","type-page","status-publish","hentry","no-thumb"],"_links":{"self":[{"href":"https:\/\/www.pakpromet.com\/index.php\/wp-json\/wp\/v2\/pages\/4807","targetHints":{"allow":["GET"]}}],"collection":[{"href":"https:\/\/www.pakpromet.com\/index.php\/wp-json\/wp\/v2\/pages"}],"about":[{"href":"https:\/\/www.pakpromet.com\/index.php\/wp-json\/wp\/v2\/types\/page"}],"author":[{"embeddable":true,"href":"https:\/\/www.pakpromet.com\/index.php\/wp-json\/wp\/v2\/users\/1"}],"replies":[{"embeddable":true,"href":"https:\/\/www.pakpromet.com\/index.php\/wp-json\/wp\/v2\/comments?post=4807"}],"version-history":[{"count":13,"href":"https:\/\/www.pakpromet.com\/index.php\/wp-json\/wp\/v2\/pages\/4807\/revisions"}],"predecessor-version":[{"id":8098,"href":"https:\/\/www.pakpromet.com\/index.php\/wp-json\/wp\/v2\/pages\/4807\/revisions\/8098"}],"wp:attachment":[{"href":"https:\/\/www.pakpromet.com\/index.php\/wp-json\/wp\/v2\/media?parent=4807"}],"curies":[{"name":"wp","href":"https:\/\/api.w.org\/{rel}","templated":true}]}}