{"id":8374,"date":"2023-01-21T17:52:46","date_gmt":"2023-01-21T16:52:46","guid":{"rendered":"https:\/\/pakpromet.com\/?page_id=8374"},"modified":"2023-01-21T23:33:25","modified_gmt":"2023-01-21T22:33:25","slug":"dozopak-1000-up-5l-rs","status":"publish","type":"page","link":"https:\/\/www.pakpromet.com\/index.php\/dozopak-1000-up-5l-rs\/","title":{"rendered":"DOZOPAK 1000 UP 5L RS"},"content":{"rendered":"<p>[vc_row][vc_column][vc_column_text]<\/p>\n<h2 style=\"text-align: center;\"><strong>DOZOPAK 1000 UP 5L RS <\/strong><\/h2>\n<p>[\/vc_column_text][vc_text_separator title=&#8221;NAMENA MA\u0160INE&#8221; title_align=&#8221;separator_align_left&#8221; border_width=&#8221;6&#8243; el_class=&#8221;bold&#8221;][vc_empty_space][vc_column_text]<strong>DOZOPAK 1000 UP<\/strong> <strong>5L RS<\/strong> namenjen je za rasecanje FETA sira, dodavanje salamure, zatvaranja posuda od 5 litara a potom sa pranjem I su\u0161enjem posude<\/p>\n<p>&nbsp;<\/p>\n<p>[\/vc_column_text][vc_empty_space][vc_video link=&#8221;https:\/\/youtu.be\/mIK_e30fRXw&#8221; el_width=&#8221;80&#8243; align=&#8221;center&#8221;][vc_empty_space][vc_text_separator title=&#8221;TEHNI\u010cKI OPIS&#8221; title_align=&#8221;separator_align_left&#8221; border_width=&#8221;6&#8243; el_class=&#8221;bold&#8221;][vc_empty_space][vc_column_text]<strong>DOZOPAK 1000 UP 5L RS<\/strong> je horizontalnog tipa, linijska, sa ru\u010dnim ulaganjem posuda na transporter a automatski izno\u0161enje sa istog. Prema vrsti pogonskih elemenata ovo je pneumatsko mehani\u010dka ma\u0161ina.<\/p>\n<p>Kompletna ma\u0161ina je izra\u0111ena od ner\u0111aju\u0107eg \u010delika. Proces rada je elektronski upravljan PLC &#8211; om. Ma\u0161ina se sastoji iz slede\u0107ih sklopova, koji u tehni\u010dkom i tehnolo\u0161kom smislu predstavljaju jedinstvenu celinu: dvoredni transporter za posude, modul za rasecanje FETA sira, modul za doziranje salamure, spu\u0161tanje i nabijanje usko\u010dnih poklopaca, ispiranje i su\u0161enje napunjenih posude i izno\u0161enje na prihvatni sto<\/p>\n<p>Dvoredni transporter za posude se sastoji od prokronske \u0161arnirne trake, pogonske i zatezne jedinice i elemenata za precizno vo\u0111enje trake. Sastavni deo transportera \u010dine i elementi za pode\u0161avanje polo\u017eaja trake u zavisnosti od veli\u010dine amabala\u017ee, kao i nosa\u010di transportera i za\u0161titne obloge. Na traci se nalaze trnovi koji slu\u017ee za vo\u0111enje i pozicioniranje posuda.<\/p>\n<p>Pokretna traka se pomera uz pomo\u0107 elektri\u010dnog motora sa elektronskom kontrolom pokretanja i zaustavljanja trake. Ovaj mehanizam obezbe\u0111uje bestrzajno kretanje transportera, kao i precizno pozicioniranje posuda na dozirnim stanicama. Ambala\u017eu iz \u0161ar\u017eera mehanizam unosi taktno na transporter i ona mo\u017ee biti raznih oblika i dimenzija<\/p>\n<p>Punjenje je floumetrisko \u0161to obezbe\u0111uje veliku ta\u010dnost doziranja. Floumetrijskim sistemom je mogu\u0107e dozirati i jogurt sa par\u010di\u0107ima vo\u0107a.[\/vc_column_text][vc_empty_space][\/vc_column][\/vc_row][vc_row][vc_column width=&#8221;2\/3&#8243;][vc_text_separator title=&#8221;TEHNI\u010cKE KARAKTERISTIKE&#8221; i_icon_fontawesome=&#8221;fas fa-file-alt&#8221; i_color=&#8221;black&#8221; border_width=&#8221;6&#8243; css_animation=&#8221;none&#8221; add_icon=&#8221;true&#8221;][vc_column_text]<\/p>\n<table width=\"558\">\n<tbody>\n<tr>\n<td width=\"255\">&#8211; kapacitet ma\u0161ine<\/td>\n<td width=\"303\">Q = 1000\u00a0posuda \/ h<\/td>\n<\/tr>\n<tr>\n<td width=\"255\">&#8211;\u00a0opseg doziranja<\/td>\n<td width=\"303\">0,20 \u2013 0,50 lit<\/td>\n<\/tr>\n<tr>\n<td width=\"255\">&#8211;\u00a0instalisana snaga<\/td>\n<td width=\"303\">P = 5,50 kW<\/td>\n<\/tr>\n<tr>\n<td width=\"255\">&#8211;\u00a0nazivni napon<\/td>\n<td width=\"303\">3 x 380 V ; 50 Hz<\/td>\n<\/tr>\n<tr>\n<td width=\"255\">&#8211;\u00a0nazivni pritisak<\/td>\n<td width=\"303\">P = 6 &#8211; 8 bar<\/td>\n<\/tr>\n<tr>\n<td width=\"255\">&#8211;\u00a0potro\u0161nja vazduha (na 6 bar-a)<\/td>\n<td width=\"303\">350 Nl \/ min<\/td>\n<\/tr>\n<tr>\n<td width=\"255\">&#8211;\u00a0dimenzije ma\u0161ine D x \u0160 x V<\/td>\n<td width=\"303\">4650 x 1600 x 2880 mm<\/td>\n<\/tr>\n<tr>\n<td width=\"255\">&#8211;\u00a0masa ma\u0161ine<\/td>\n<td width=\"303\">M = 950 kg<\/td>\n<\/tr>\n<tr>\n<td width=\"255\">&#8211; pre\u010dnik venca posude<\/td>\n<td width=\"303\">D = po uzorku<\/td>\n<\/tr>\n<\/tbody>\n<\/table>\n<p>[\/vc_column_text][\/vc_column][vc_column width=&#8221;1\/3&#8243;][vc_text_separator title=&#8221;TEHNI\u010cKA DOKUMENTACIJA&#8221; i_icon_fontawesome=&#8221;fas fa-file-pdf&#8221; i_color=&#8221;pink&#8221; border_width=&#8221;6&#8243; add_icon=&#8221;true&#8221;][vc_message message_box_color=&#8221;green&#8221; icon_fontawesome=&#8221;far fa-file-pdf&#8221;]<a href=\"https:\/\/www.pakpromet.com\/wp-content\/uploads\/2023\/01\/01.DOZOPAK-1000-UP-5L-RS-srb-eng-rus-.pdf\">Preuzmite bro\u0161uru<\/a><\/p>\n<p>[\/vc_message][\/vc_column][\/vc_row][vc_row][vc_column][vc_empty_space][vc_images_carousel images=&#8221;8376,8377,8378,8379,8380,8381,8382,8383,8384,8385,8386,8387,8388,8389&#8243; img_size=&#8221;&#8221; slides_per_view=&#8221;5&#8243;][\/vc_column][\/vc_row]<\/p>\n","protected":false},"excerpt":{"rendered":"<p>[vc_row][vc_column][vc_column_text] DOZOPAK 1000 UP 5L RS [\/vc_column_text][vc_text_separator title=&#8221;NAMENA MA\u0160INE&#8221; title_align=&#8221;separator_align_left&#8221; border_width=&#8221;6&#8243; el_class=&#8221;bold&#8221;][vc_empty_space][vc_column_text]DOZOPAK 1000 UP 5L RS namenjen je za rasecanje FETA sira, dodavanje salamure, zatvaranja posuda od 5 litara a potom sa pranjem I su\u0161enjem posude &nbsp; [\/vc_column_text][vc_empty_space][vc_video link=&#8221;https:\/\/youtu.be\/mIK_e30fRXw&#8221; el_width=&#8221;80&#8243; align=&#8221;center&#8221;][vc_empty_space][vc_text_separator title=&#8221;TEHNI\u010cKI OPIS&#8221; title_align=&#8221;separator_align_left&#8221; border_width=&#8221;6&#8243; el_class=&#8221;bold&#8221;][vc_empty_space][vc_column_text]DOZOPAK 1000 UP 5L RS je horizontalnog tipa, linijska, sa [&hellip;]<\/p>\n","protected":false},"author":1,"featured_media":0,"parent":0,"menu_order":0,"comment_status":"closed","ping_status":"closed","template":"","meta":{"footnotes":""},"class_list":["post-8374","page","type-page","status-publish","hentry","no-thumb"],"_links":{"self":[{"href":"https:\/\/www.pakpromet.com\/index.php\/wp-json\/wp\/v2\/pages\/8374","targetHints":{"allow":["GET"]}}],"collection":[{"href":"https:\/\/www.pakpromet.com\/index.php\/wp-json\/wp\/v2\/pages"}],"about":[{"href":"https:\/\/www.pakpromet.com\/index.php\/wp-json\/wp\/v2\/types\/page"}],"author":[{"embeddable":true,"href":"https:\/\/www.pakpromet.com\/index.php\/wp-json\/wp\/v2\/users\/1"}],"replies":[{"embeddable":true,"href":"https:\/\/www.pakpromet.com\/index.php\/wp-json\/wp\/v2\/comments?post=8374"}],"version-history":[{"count":3,"href":"https:\/\/www.pakpromet.com\/index.php\/wp-json\/wp\/v2\/pages\/8374\/revisions"}],"predecessor-version":[{"id":8392,"href":"https:\/\/www.pakpromet.com\/index.php\/wp-json\/wp\/v2\/pages\/8374\/revisions\/8392"}],"wp:attachment":[{"href":"https:\/\/www.pakpromet.com\/index.php\/wp-json\/wp\/v2\/media?parent=8374"}],"curies":[{"name":"wp","href":"https:\/\/api.w.org\/{rel}","templated":true}]}}